{"id":10,"date":"2016-02-22T10:25:48","date_gmt":"2016-02-22T09:25:48","guid":{"rendered":"http:\/\/d-werk.com\/mir\/?page_id=10"},"modified":"2016-09-28T14:33:36","modified_gmt":"2016-09-28T12:33:36","slug":"danke","status":"publish","type":"page","link":"https:\/\/d-werk.com\/mir-kochen\/danke\/","title":{"rendered":"Ein solches Rezept kann nur mit guten Zutaten gelingen"},"content":{"rendered":"<p>F\u00fcr Idee, Konzeption, Gestaltung, Organisation und Begleitung des integrativen Kochprojekts Ravensburg zeichnen das Ravensburger B\u00fcro f\u00fcr Kommunikation und Gestaltung d-werk sowie der Arbeitskreis Asyl Ravensburg-Weingarten verantwortlich. Aber erst die vielen \u201eguten Zutaten\u201c verleihen einem solchen Projekt die entsprechende W\u00fcrze. So gilt unser Dank den kochenden Fl\u00fcchtlingen, den vielen ehrenamtlichen Helfern und unseren lieben G\u00e4sten. Herzlichen Dank auch an die Stadt Ravensburg f\u00fcr ihre aktive Unterst\u00fctzung, an die Grundschule Wei\u00dfenau f\u00fcr die kostenlose Bereitstellung der Schulk\u00fcche und an die Schw\u00e4bische Zeitung f\u00fcr die redaktionelle Begleitung unseres Projektes. Und last but not least \u2013 danke an all jene, die uns schnell und unentgeltlich Sachleistungen zur Verf\u00fcgung gestellt haben.<\/p>\n","protected":false},"excerpt":{"rendered":"<p>F\u00fcr Idee, Konzeption, Gestaltung, Organisation und Begleitung des integrativen Kochprojekts Ravensburg zeichnen das Ravensburger B\u00fcro f\u00fcr Kommunikation und Gestaltung d-werk sowie der Arbeitskreis Asyl Ravensburg-Weingarten verantwortlich. Aber erst die vielen \u201eguten Zutaten\u201c verleihen einem solchen Projekt die entsprechende W\u00fcrze. So gilt unser Dank den kochenden Fl\u00fcchtlingen, den vielen ehrenamtlichen Helfern und unseren lieben G\u00e4sten. Herzlichen [&hellip;]<\/p>\n","protected":false},"author":1,"featured_media":0,"parent":0,"menu_order":0,"comment_status":"closed","ping_status":"closed","template":"","meta":[],"_links":{"self":[{"href":"https:\/\/d-werk.com\/mir-kochen\/wp-json\/wp\/v2\/pages\/10"}],"collection":[{"href":"https:\/\/d-werk.com\/mir-kochen\/wp-json\/wp\/v2\/pages"}],"about":[{"href":"https:\/\/d-werk.com\/mir-kochen\/wp-json\/wp\/v2\/types\/page"}],"author":[{"embeddable":true,"href":"https:\/\/d-werk.com\/mir-kochen\/wp-json\/wp\/v2\/users\/1"}],"replies":[{"embeddable":true,"href":"https:\/\/d-werk.com\/mir-kochen\/wp-json\/wp\/v2\/comments?post=10"}],"version-history":[{"count":10,"href":"https:\/\/d-werk.com\/mir-kochen\/wp-json\/wp\/v2\/pages\/10\/revisions"}],"predecessor-version":[{"id":502,"href":"https:\/\/d-werk.com\/mir-kochen\/wp-json\/wp\/v2\/pages\/10\/revisions\/502"}],"wp:attachment":[{"href":"https:\/\/d-werk.com\/mir-kochen\/wp-json\/wp\/v2\/media?parent=10"}],"curies":[{"name":"wp","href":"https:\/\/api.w.org\/{rel}","templated":true}]}}

<p>Für Idee, Konzeption, Gestaltung, Organisation und Begleitung des integrativen Kochprojekts Ravensburg zeichnen das Ravensburger Büro für Kommunikation und Gestaltung d-werk sowie der Arbeitskreis Asyl Ravensburg-Weingarten verantwortlich. Aber erst die vielen „guten Zutaten“ verleihen einem solchen Projekt die entsprechende Würze. So gilt unser Dank den kochenden Flüchtlingen, den vielen ehrenamtlichen Helfern und unseren lieben Gästen. Herzlichen Dank auch an die Stadt Ravensburg für ihre aktive Unterstützung, an die Grundschule Weißenau für die kostenlose Bereitstellung der Schulküche und an die Schwäbische Zeitung für die redaktionelle Begleitung unseres Projektes. Und last but not least – danke an all jene, die uns schnell und unentgeltlich Sachleistungen zur Verfügung gestellt haben.</p>

<p>Für Idee, Konzeption, Gestaltung, Organisation und Begleitung des integrativen Kochprojekts Ravensburg zeichnen das Ravensburger Büro für Kommunikation und Gestaltung d-werk sowie der Arbeitskreis Asyl Ravensburg-Weingarten verantwortlich. Aber erst die vielen „guten Zutaten“ verleihen einem solchen Projekt die entsprechende Würze. So gilt unser Dank den kochenden Flüchtlingen, den vielen ehrenamtlichen Helfern und unseren lieben Gästen. Herzlichen [&hellip;]</p>
