{"id":338,"date":"2016-07-07T11:42:33","date_gmt":"2016-07-07T09:42:33","guid":{"rendered":"http:\/\/mir-kochen.de\/?page_id=338"},"modified":"2018-04-26T10:49:32","modified_gmt":"2018-04-26T08:49:32","slug":"buch","status":"publish","type":"page","link":"https:\/\/d-werk.com\/mir-kochen\/buch\/","title":{"rendered":"Kochprojekt-Buch"},"content":{"rendered":"<p>Umschlag: Hardcover mit Pr\u00e4gung<br \/>\nUmfang: Ca. 136 Seiten<br \/>\nPreis: 20 Euro (davon 2 Euro f\u00fcr Fl\u00fcchtlingshilfe)<\/p>\n<ul style=\"margin: 0; padding: 0 0 0 1em;\">\n<li style=\"padding: 0 0 1em 0.5em;\">Einstieg:<br \/>\nProjektbeschreibung, Portraits der Beteiligten,\u00a0Interviews, Impressionen etc..<\/li>\n<li style=\"padding: 0 0 1em 0.5em;\">6 Kapitel:<br \/>\nAfghanistan, Gambia, Kamerun, Syrien, Balkan, Iran.\u00a0Jeweils mit Hintergrundinformationen zum Land,\u00a0Portrait des Kochteams, traditionellen Rezepten,\u00a0Bericht \u00fcber den Kochabend, zahlreiche Fotos.<\/li>\n<\/ul>\n<p>Erscheinungstermin: Mitte November 2016<\/p>\n<h3>Jetzt kaufen!<\/h3>\n<p>Restbest\u00e4nde der MIR Kochprojekt-B\u00fccher sind noch verf\u00fcgbar. Schreiben Sie uns einfach per Mail an <a href=\"mailto:info@d-werk.com\">info@d-werk.com<\/a>\u00a0in welcher St\u00fcckzahl Sie das Buch kaufen m\u00f6chten. Die Abholung und Bezahlung erfolgt im d-werk, Seestra\u00dfe 35, 88214 Ravensburg.<\/p>\n","protected":false},"excerpt":{"rendered":"<p>Umschlag: Hardcover mit Pr\u00e4gung Umfang: Ca. 136 Seiten Preis: 20 Euro (davon 2 Euro f\u00fcr Fl\u00fcchtlingshilfe) Einstieg: Projektbeschreibung, Portraits der Beteiligten,\u00a0Interviews, Impressionen etc.. 6 Kapitel: Afghanistan, Gambia, Kamerun, Syrien, Balkan, Iran.\u00a0Jeweils mit Hintergrundinformationen zum Land,\u00a0Portrait des Kochteams, traditionellen Rezepten,\u00a0Bericht \u00fcber den Kochabend, zahlreiche Fotos. Erscheinungstermin: Mitte November 2016 Jetzt kaufen! Restbest\u00e4nde der MIR Kochprojekt-B\u00fccher sind [&hellip;]<\/p>\n","protected":false},"author":1,"featured_media":0,"parent":0,"menu_order":0,"comment_status":"closed","ping_status":"closed","template":"","meta":[],"_links":{"self":[{"href":"https:\/\/d-werk.com\/mir-kochen\/wp-json\/wp\/v2\/pages\/338"}],"collection":[{"href":"https:\/\/d-werk.com\/mir-kochen\/wp-json\/wp\/v2\/pages"}],"about":[{"href":"https:\/\/d-werk.com\/mir-kochen\/wp-json\/wp\/v2\/types\/page"}],"author":[{"embeddable":true,"href":"https:\/\/d-werk.com\/mir-kochen\/wp-json\/wp\/v2\/users\/1"}],"replies":[{"embeddable":true,"href":"https:\/\/d-werk.com\/mir-kochen\/wp-json\/wp\/v2\/comments?post=338"}],"version-history":[{"count":16,"href":"https:\/\/d-werk.com\/mir-kochen\/wp-json\/wp\/v2\/pages\/338\/revisions"}],"predecessor-version":[{"id":573,"href":"https:\/\/d-werk.com\/mir-kochen\/wp-json\/wp\/v2\/pages\/338\/revisions\/573"}],"wp:attachment":[{"href":"https:\/\/d-werk.com\/mir-kochen\/wp-json\/wp\/v2\/media?parent=338"}],"curies":[{"name":"wp","href":"https:\/\/api.w.org\/{rel}","templated":true}]}}